{"id":2,"date":"2023-01-19T10:54:20","date_gmt":"2023-01-19T10:54:20","guid":{"rendered":"https:\/\/streken.org\/?page_id=2"},"modified":"2023-03-19T12:04:38","modified_gmt":"2023-03-19T12:04:38","slug":"sample-page","status":"publish","type":"page","link":"https:\/\/streken.org\/index.php\/sample-page\/","title":{"rendered":"Litt om meg"},"content":{"rendered":"\n<p><\/p>\n\n\n\n<p><strong>Jeg kj\u00f8pte mitt f\u00f8rste kamera da jeg var 25 \u00e5r. &nbsp;Jeg kan huske at det var en Pentax&nbsp;program A med&nbsp;masse innstillinger og innfl\u00f8kte greier.&nbsp;<\/strong><\/p>\n\n\n\n<p>Dette var dagen f\u00f8r jeg skulle bes\u00f8ke tante i \u00c5lesund og sammen skulle vi dra til Geiranger med sin fantastiske natur. Kamera var s\u00e5 klart med og jeg tok bilder med liv og lyst av det ene h\u00f8ytragende fjell etter det andre og vakre og ville fossefall i den flotte fjorden.<\/p>\n\n\n\n<figure class=\"wp-block-image size-medium\"><img decoding=\"async\" loading=\"lazy\" width=\"300\" height=\"205\" src=\"https:\/\/streken.org\/wp-content\/uploads\/2023\/03\/and-i-solnedgang-300x205.jpg\" alt=\"\" class=\"wp-image-204\" srcset=\"https:\/\/streken.org\/wp-content\/uploads\/2023\/03\/and-i-solnedgang-300x205.jpg 300w, https:\/\/streken.org\/wp-content\/uploads\/2023\/03\/and-i-solnedgang.jpg 450w\" sizes=\"(max-width: 300px) 100vw, 300px\" \/><\/figure>\n\n\n\n<p><\/p>\n\n\n\n<p>Fra f\u00f8r hadde jeg sett bilder av &laquo;de store gutta&raquo; som Ansel Adams hadde tatt (kjent fotograf som b.l.a har fotografert storsl\u00e5tte Grand Canyon (<a href=\"http:\/\/www.anseladams.com\/\">http:\/\/www.anseladams.com\/<\/a>).. Jeg som absolutt ikke var t\u00f8rr bak \u00f8rene trodde i min naivhet at &laquo;<em>s\u00e5 lenge jeg har s\u00e5 flott natur \u00e5 ta bilde av s\u00e5 m\u00e5 jo dette bli bra&raquo;<\/em>&nbsp;skuffelsen var stor da jeg fikk bildene tilbake fra fotolabben. &laquo;hvor var det jeg hadde sett gjennom kamera som jeg syns s\u00e5, s\u00e5 utrolig flott ut&raquo; undret jeg og la kamera vekk.<\/p>\n\n\n\n<p>Det gikk noen \u00e5r s\u00e5 fattet jeg interesse for dette med fotografering igjen. Jeg ble mer kresen p\u00e5 hva jeg syns var et godt bilde og hva og hvordan jeg ville fotografere. Meldte meg p\u00e5 b\u00e5de trinn 1,2 og 3 hos Morten Krogvold og &laquo;ble slaktet s\u00f8nder og sammen&raquo; men l\u00e6rte mer og mer og se hvordan et godt bilde blir til.. utstyret er en ting, men n\u00e5r alt kommer til alt s\u00e5 er evnen til \u00e5 se den store kunsten.<br>S\u00e5 n\u00e5 har jeg vel holdt p\u00e5 med denne fotograferingen i 40 \u00e5r og begynner vel \u00e5 skj\u00f8nne mer av fotoverden<\/p>\n","protected":false},"excerpt":{"rendered":"<p>Jeg kj\u00f8pte mitt f\u00f8rste kamera da jeg var 25 \u00e5r. &nbsp;Jeg kan huske at det var en Pentax&nbsp;program A med&nbsp;masse innstillinger og innfl\u00f8kte greier.&nbsp; Dette var dagen f\u00f8r jeg skulle bes\u00f8ke tante i \u00c5lesund og sammen skulle vi dra til Geiranger med sin fantastiske natur. Kamera var s\u00e5 klart med og jeg tok bilder med [&hellip;]<\/p>\n","protected":false},"author":1,"featured_media":0,"parent":0,"menu_order":0,"comment_status":"closed","ping_status":"open","template":"","meta":{"ngg_post_thumbnail":0},"_links":{"self":[{"href":"https:\/\/streken.org\/index.php\/wp-json\/wp\/v2\/pages\/2"}],"collection":[{"href":"https:\/\/streken.org\/index.php\/wp-json\/wp\/v2\/pages"}],"about":[{"href":"https:\/\/streken.org\/index.php\/wp-json\/wp\/v2\/types\/page"}],"author":[{"embeddable":true,"href":"https:\/\/streken.org\/index.php\/wp-json\/wp\/v2\/users\/1"}],"replies":[{"embeddable":true,"href":"https:\/\/streken.org\/index.php\/wp-json\/wp\/v2\/comments?post=2"}],"version-history":[{"count":5,"href":"https:\/\/streken.org\/index.php\/wp-json\/wp\/v2\/pages\/2\/revisions"}],"predecessor-version":[{"id":207,"href":"https:\/\/streken.org\/index.php\/wp-json\/wp\/v2\/pages\/2\/revisions\/207"}],"wp:attachment":[{"href":"https:\/\/streken.org\/index.php\/wp-json\/wp\/v2\/media?parent=2"}],"curies":[{"name":"wp","href":"https:\/\/api.w.org\/{rel}","templated":true}]}}

<p></p>



<p><strong>Jeg kjøpte mitt første kamera da jeg var 25 år. &nbsp;Jeg kan huske at det var en Pentax&nbsp;program A med&nbsp;masse innstillinger og innfløkte greier.&nbsp;</strong></p>



<p>Dette var dagen før jeg skulle besøke tante i Ålesund og sammen skulle vi dra til Geiranger med sin fantastiske natur. Kamera var så klart med og jeg tok bilder med liv og lyst av det ene høytragende fjell etter det andre og vakre og ville fossefall i den flotte fjorden.</p>



<figure class="wp-block-image size-medium"><img decoding="async" loading="lazy" width="300" height="205" src="https://streken.org/wp-content/uploads/2023/03/and-i-solnedgang-300x205.jpg" alt="" class="wp-image-204" srcset="https://streken.org/wp-content/uploads/2023/03/and-i-solnedgang-300x205.jpg 300w, https://streken.org/wp-content/uploads/2023/03/and-i-solnedgang.jpg 450w" sizes="(max-width: 300px) 100vw, 300px" /></figure>



<p></p>



<p>Fra før hadde jeg sett bilder av &laquo;de store gutta&raquo; som Ansel Adams hadde tatt (kjent fotograf som b.l.a har fotografert storslåtte Grand Canyon (<a href="http://www.anseladams.com/">http://www.anseladams.com/</a>).. Jeg som absolutt ikke var tørr bak ørene trodde i min naivhet at &laquo;<em>så lenge jeg har så flott natur å ta bilde av så må jo dette bli bra&raquo;</em>&nbsp;skuffelsen var stor da jeg fikk bildene tilbake fra fotolabben. &laquo;hvor var det jeg hadde sett gjennom kamera som jeg syns så, så utrolig flott ut&raquo; undret jeg og la kamera vekk.</p>



<p>Det gikk noen år så fattet jeg interesse for dette med fotografering igjen. Jeg ble mer kresen på hva jeg syns var et godt bilde og hva og hvordan jeg ville fotografere. Meldte meg på både trinn 1,2 og 3 hos Morten Krogvold og &laquo;ble slaktet sønder og sammen&raquo; men lærte mer og mer og se hvordan et godt bilde blir til.. utstyret er en ting, men når alt kommer til alt så er evnen til å se den store kunsten.<br>Så nå har jeg vel holdt på med denne fotograferingen i 40 år og begynner vel å skjønne mer av fotoverden</p>

<p>Jeg kjøpte mitt første kamera da jeg var 25 år. &nbsp;Jeg kan huske at det var en Pentax&nbsp;program A med&nbsp;masse innstillinger og innfløkte greier.&nbsp; Dette var dagen før jeg skulle besøke tante i Ålesund og sammen skulle vi dra til Geiranger med sin fantastiske natur. Kamera var så klart med og jeg tok bilder med [&hellip;]</p>
